 and 120.
40
Suppose -7*p = -p - 18. Let i be (-5 - -3) + (p + -2)*14. What is the greatest common factor of i and 3?
3
Suppose 2*f - 3*r + 5 = 0, -r - 12 = -5*r. Let o be (7/2 - 4)*-8. Suppose -o*s = -f*s - 32. What is the greatest common factor of s and 16?
16
Suppose 0 = 10*f - 1435 + 435. What is the highest common factor of f and 625?
25
Let i be (-2968)/(-5) + (-4 - 176/(-40)). Calculate the greatest common factor of i and 27.
27
Let b = -518 + 542. What is the highest common divisor of 312 and b?
24
Let h(m) = 25*m + 6. Let i be h(3). Suppose 3*p - a - 6 = -3*a, 5*p + 4*a = 10. Suppose 4*k = p*k + 108. Calculate the greatest common factor of i and k.
27
Let f = -5 - -6. Suppose -3*m - 4*q = -72, -23 = -m - 4*q + f. What is the greatest common factor of 60 and m?
12
Let a(f) = 908*f - 34. Let p be a(1). What is the highest common divisor of p and 46?
46
Let v be (-25)/(-6) + 34/12 + -3. What is the greatest common divisor of 164 and v?
4
Let m be (0 - -1)*2160/40. Calculate the greatest common divisor of m and 108.
54
Let x = -4 - -8. Suppose 0 = -x*v - v + 55. Calculate the greatest common divisor of 33 and v.
11
Suppose 2*n = 4*n. Suppose n*t = -t + 20. Let m(z) = 2*z**2 + 11*z - 55. Let c be m(-9). What is the greatest common divisor of c and t?
4
Suppose -4*k + 296 = 36. Let u = -178 - -204. Calculate the highest common divisor of k and u.
13
Let v(n) = -32*n - 1. Let d be v(-2). Let p be (-9)/(d/(-14))*(-18)/(-4). Calculate the greatest common divisor of p and 6.
3
Let y be 341/5 - ((-30)/25)/(-6). Calculate the greatest common divisor of y and 85.
17
Suppose 0 = -2*z - 5*p + 10, 4*z - p + 12 = 76. Suppose -5 = 5*v - z. Suppose -v*o = 3*o, 2*o - 30 = -5*u. What is the highest common factor of 18 and u?
6
Let i(p) = 2*p - 28. Let o be i(23). Let a be (3/(-3))/(0 - 1). Let c be 1461/9 - a/3. What is the greatest common divisor of o and c?
18
Let w be (-13 + 6)*(2 - 1). Let b(t) = -14*t - 26. Let r be b(w). Calculate the greatest common factor of r and 24.
24
Let p(c) = -c**3 + 10*c**2 - 3*c + 7. Let q be p(7). Suppose -5*x + 20 = a - 19, 2*a + 3*x = 50. Calculate the greatest common divisor of q and a.
19
Suppose 4*f + 30 = 10*f. Suppose f*g = 2*g + 6, r - 2*g - 4 = 0. Let v(b) = 24*b. Let s be v(3). What is the greatest common factor of s and r?
8
Let g = -58 - -115. Let j(z) = z**2 - z + 19. Let m(x) = x**3 + 2*x**2. Let b be m(0). Let d be j(b). Calculate the greatest common factor of g and d.
19
Suppose -t - 12 = -5*t. Suppose -3*b + 9 = -72. Calculate the greatest common factor of b and t.
3
Let z(r) = 93*r**2 - 7*r + 32. Let x be z(3). What is the greatest common factor of x and 16?
16
Suppose 0 = 2*n - n - 12. Suppose -64 = h + 20. Let q be -3 + 3 + (0 - h). Calculate the greatest common divisor of q and n.
12
Let x(j) = -j**3 + 20*j**2 - 23*j + 90. Let p be x(19). Let f be 1/5 - (-839)/5. What is the highest common divisor of f and p?
14
Suppose -5 = -5*f, -4*d + 5*d + f - 237 = 0. Calculate the greatest common factor of d and 8.
4
Suppose 0 = -10*y + 6*y + 96. Calculate the greatest common divisor of 324 and y.
12
Let c(r) = 6*r**2 + 17*r + 42. Let o be c(-3). Calculate the greatest common divisor of 645 and o.
15
Suppose -406 = 4*i - c, -198 = -2*i + 4*i + 2*c. Let v = i + 117. Calculate the greatest common divisor of v and 80.
16
Let g(c) = 5*c + 23. Let w be g(5). Let p = -14 + w. What is the greatest common factor of 34 and p?
34
Suppose 0*a - 2*a + 5*l + 8 = 0, 0 = -5*l + 10. Suppose 0 = 5*u - 6 - 4. Suppose -u*o = -o - 27. Calculate the greatest common divisor of a and o.
9
Let l be (-1 + (-2)/8)/((-2)/(-8)). Let n = l + 17. Suppose 3*g - 248 = -2*m, 5*g - 422 = -0*m + m. What is the highest common factor of g and n?
12
Let d = 185 - 130. Suppose d = 4*y + y. Let i = 14 - y. What is the highest common factor of 33 and i?
3
Let b = 1924 - 1373. Calculate the greatest common divisor of 19 and b.
19
Let d = 14 - -42. What is the highest common divisor of d and 88?
8
Let k(z) = z + 23. Let h be k(-14). Let d be (-7)/(-21) - (-51)/h. What is the highest common divisor of d and 3?
3
Suppose 9*o - 75 = -k + 11*o, 4*o = -2*k + 158. What is the greatest common divisor of k and 44?
11
Let q(n) = -n**2 - 8*n - 2. Let a be q(-7). Suppose 0 = -2*z - 2*t + 12, -2*z - a*t = -z - 22. What is the greatest common divisor of z and 2?
2
Suppose y - 3*z = 6*y - 54, 4*z = -2*y + 30. Let x(n) = 80*n + 1. Let c be x(1). What is the greatest common divisor of c and y?
9
Let r be (-80)/1680*6/2*-343. Suppose -4*g + 3*f + 1764 = 0, -4*g - 245 = -4*f - 2009. What is the highest common factor of r and g?
49
Suppose 7*d - 50 + 22 = 0. Calculate the greatest common divisor of d and 18.
2
Let o = 2516 + -1095. Calculate the highest common factor of o and 29.
29
Let m(a) = -2*a**3 + 3*a**2 - 3*a + 32. Let k be m(0). Calculate the greatest common factor of 40 and k.
8
Suppose 3*o + 14 = 2*a + 6*o, o = 2. Suppose 4*b = 3*w + 229, w + 15 = -a*w. Calculate the highest common divisor of b and 11.
11
Suppose -20 = -9*m + 844. Let f = -36 + m. Let y = 0 + 40. What is the greatest common factor of y and f?
20
Let g be (-2)/(-7) + (-48892)/(-476). What is the greatest common divisor of 2 and g?
1
Let w(b) = -b**3 - 6*b**2 - 7*b - 14. Let r be w(-7). What is the greatest common factor of 588 and r?
84
Let a be (99/44)/(6/80). Calculate the highest common factor of a and 3.
3
Let g = 3 - -57. Calculate the greatest common divisor of g and 30.
30
Let h be -1 - (-3 + -30 + 4). Suppose 0*q - 2014 = -4*q - p, -2*q - 3*p + 1002 = 0. Suppose 11*n - 13*n + q = 0. Calculate the highest common factor of h and n.
28
Suppose 3*o = -4*z + 934, 5 + 3 = 4*o. Let m = -162 + z. Let g = 27 - 17. Calculate the greatest common factor of m and g.
10
Let v(z) = -8*z - 1. Let o be v(17). Let b = 263 + o. What is the highest common divisor of 14 and b?
14
Let r = -379 - -388. Let v(t) = -2*t - 10. Let i be v(-8). Calculate the highest common divisor of r and i.
3
Let o(t) = 6*t**3 + 3*t - 1. Let x be o(2). Suppose -2*u + 87 = -x. Let z(v) = 6*v + 2. Let l be z(2). Calculate the greatest common factor of u and l.
14
Suppose u + 27 - 165 = -a, a - 138 = 5*u. Let b = -82 - -174. What is the greatest common factor of a and b?
46
Let j be 1304/10 - (10/25 - 0). Suppose -4*c = -c - 78. Calculate the highest common factor of c and j.
26
Suppose -2*b + 18 = -4*m, 5*b - 2*m - 69 = -0*m. Suppose -39 = 12*n - b*n. What is the highest common factor of n and 91?
13
Let v(l) = 57*l + 30 - 62*l - 4. Let p be v(5). Let d(q) = -q**2 + 7*q - 7. Let i be d(5). Calculate the highest common factor of i and p.
1
Let u be (-3 - (-125)/15)*(55 - 1). Suppose 68*s - 59*s - u = 0. What is the greatest common factor of 4 and s?
4
Suppose -10 = -4*r - 2. Let u be 158/(-2) + (5 - r). Let q = u + 132. Calculate the highest common divisor of 8 and q.
8
Suppose 2*p - 4*p = -5*q + 260, -q + p = -49. Suppose -8*t = -5*t - q. What is the highest common factor of t and 36?
18
Suppose -47 = -2*s - 17. What is the highest common divisor of s and 3?
3
Let d be 18*8/((-48)/(-10)). Calculate the highest common factor of 240 and d.
30
Suppose -5 = -t, 0*z - 4*t - 745 = 5*z. Let v be (-5 - z) + (4 - 0). What is the highest common divisor of 19 and v?
19
Let g be 2/(-3) + 678/18. Let z = g + -29. What is the highest common factor of z and 2?
2
Let c = 1798 - 1786. Suppose -3*q = -y + 10, -6*y - 4*q + 12 = -y. Suppose -y*x + 20 = -12. Calculate the greatest common factor of c and x.
4
Suppose -13*u + 8527 + 1548 = 0. What is the greatest common factor of 31 and u?
31
Let l(z) = -2*z + 28. Let c be l(12). Suppose 5*q - 2*b - 168 = 0, c*q + 2*b = -b + 139. What is the greatest common divisor of q and 85?
17
Let p = -8 + 30. Suppose 2*g - 3*s + 10 = 0, -4*g + s - p = 8. Let a = 1 - g. What is the greatest common divisor of 9 and a?
9
Let v be -7 - ((-5364)/45 + (-1)/(-5)). What is the greatest common factor of 3472 and v?
112
Let f = -2 + 46. Suppose 0 = -2*k - 2*z + 5*z + f, 5*k + 4*z = 133. Suppose -2*q = 4, 3*q + 376 + 305 = 3*i. Calculate the highest common divisor of i and k.
25
Let m be 27 + 9*2/3. Calculate the highest common divisor of 55 and m.
11
Suppose 14*q = 18*q - 4, -51 = -2*u + 5*q. Calculate the greatest common 